{"id":1216,"date":"2025-10-29T20:09:28","date_gmt":"2025-10-29T20:09:28","guid":{"rendered":"https:\/\/honfleur-lyrique.fr\/?page_id=1216"},"modified":"2025-10-29T20:09:28","modified_gmt":"2025-10-29T20:09:28","slug":"edito-2","status":"publish","type":"page","link":"https:\/\/honfleur-lyrique.fr\/?page_id=1216","title":{"rendered":"Edito"},"content":{"rendered":"\n<p class=\"has-large-font-size\">Bienvenue \u00e0 Honfleur Lyrique ! <\/p>\n\n\n\n<p class=\"has-medium-font-size\">Cette quatri\u00e8me \u00e9dition, du 27 au 30 Novembre 2025, cl\u00f4ture l&rsquo;ann\u00e9e du centenaire d&rsquo;Erik Satie. Le compositeur honfleurais sera bien pr\u00e9sent lors de ces journ\u00e9es. Nos chanteuses et chanteurs lyriques et leurs accompagnateurs, qui viennent du Havre, de Rouen et de Paris, vont \u00e0 nouveau vous faire partager leur enthousiasme et leur talent.<\/p>\n\n\n\n<p class=\"has-medium-font-size\">Notre invit\u00e9 d&rsquo;honneur, Jean-Pierre Armengaud, pianiste-concertiste international, sp\u00e9cialiste de Satie, nous offrira une oeuvre rarement jou\u00e9e, Socrate.<\/p>\n\n\n\n<p class=\"has-medium-font-size\">Nous vous proposons encore tout un programme de concerts, de longs-m\u00e9trages, de documentaires,<\/p>\n\n\n\n<p class=\"has-medium-font-size\">et en attendant de le d\u00e9couvrir,<\/p>\n\n\n\n<p class=\"has-medium-font-size\">Nous vous souhaitons un excellent festival !<\/p>\n\n\n\n<p class=\"has-medium-font-size\">L&rsquo;\u00e9quipe de Honfleur Lyrique<\/p>\n\n\n\n<p><\/p>\n","protected":false},"excerpt":{"rendered":"<p>Bienvenue \u00e0 Honfleur Lyrique ! Cette quatri\u00e8me \u00e9dition, du 27 au 30 Novembre 2025, cl\u00f4ture l&rsquo;ann\u00e9e du centenaire d&rsquo;Erik Satie. Le compositeur honfleurais sera bien pr\u00e9sent lors de ces journ\u00e9es. Nos chanteuses et chanteurs lyriques et leurs accompagnateurs, qui viennent du Havre, de Rouen et de Paris, vont \u00e0 nouveau vous faire partager leur enthousiasme [&hellip;]<\/p>\n","protected":false},"author":2,"featured_media":0,"parent":0,"menu_order":0,"comment_status":"closed","ping_status":"closed","template":"page-full-width.php","meta":{"footnotes":""},"class_list":["post-1216","page","type-page","status-publish","hentry"],"_links":{"self":[{"href":"https:\/\/honfleur-lyrique.fr\/index.php?rest_route=\/wp\/v2\/pages\/1216","targetHints":{"allow":["GET"]}}],"collection":[{"href":"https:\/\/honfleur-lyrique.fr\/index.php?rest_route=\/wp\/v2\/pages"}],"about":[{"href":"https:\/\/honfleur-lyrique.fr\/index.php?rest_route=\/wp\/v2\/types\/page"}],"author":[{"embeddable":true,"href":"https:\/\/honfleur-lyrique.fr\/index.php?rest_route=\/wp\/v2\/users\/2"}],"replies":[{"embeddable":true,"href":"https:\/\/honfleur-lyrique.fr\/index.php?rest_route=%2Fwp%2Fv2%2Fcomments&post=1216"}],"version-history":[{"count":1,"href":"https:\/\/honfleur-lyrique.fr\/index.php?rest_route=\/wp\/v2\/pages\/1216\/revisions"}],"predecessor-version":[{"id":1217,"href":"https:\/\/honfleur-lyrique.fr\/index.php?rest_route=\/wp\/v2\/pages\/1216\/revisions\/1217"}],"wp:attachment":[{"href":"https:\/\/honfleur-lyrique.fr\/index.php?rest_route=%2Fwp%2Fv2%2Fmedia&parent=1216"}],"curies":[{"name":"wp","href":"https:\/\/api.w.org\/{rel}","templated":true}]}}